f 1101177?
True
Does 30 divide 928830?
True
Is 607077 a multiple of 36?
False
Is 421 a factor of 133048?
False
Is 4 a factor of 39876?
True
Does 143 divide 216073?
True
Is 739 a factor of 858350?
False
Is 44 a factor of 29348?
True
Is 44210 a multiple of 5?
True
Is 19 a factor of 69445?
True
Is 24 a factor of 17271185?
False
Does 24 divide 8239608?
True
Does 8 divide 3296?
True
Is 1110 a factor of 18144060?
True
Does 4 divide 122594?
False
Is 578349 a multiple of 179?
True
Is 51 a factor of 306714?
True
Is 568 a factor of 18755642?
False
Is 8 a factor of 14976?
True
Is 17 a factor of 1266228?
True
Is 102 a factor of 928815?
False
Is 79 a factor of 175933?
True
Does 55 divide 918662?
False
Is 132885 a multiple of 67?
False
Does 70 divide 847254?
False
Is 10 a factor of 116032?
False
Does 21 divide 37170?
True
Does 5 divide 92145?
True
Is 4582283 a multiple of 8?
False
Is 14 a factor of 23109562?
True
Is 10 a factor of 1320?
True
Does 351 divide 64747?
False
Does 97 divide 33191?
False
Does 14 divide 247520?
True
Does 20 divide 77740?
True
Is 90 a factor of 32760?
True
Is 2534274 a multiple of 14?
False
Is 1565835 a multiple of 1104?
False
Does 872 divide 2651752?
True
Does 250 divide 44439?
False
Is 99664 a multiple of 60?
False
Does 8 divide 408389?
False
Is 142697 a multiple of 9?
False
Does 36 divide 283680?
True
Is 589050 a multiple of 90?
True
Is 34 a factor of 2512362?
True
Is 151644 a multiple of 4?
True
Is 1006320 a multiple of 30?
True
Is 69 a factor of 426524?
False
Is 1391310 a multiple of 56?
False
Is 10 a factor of 312450?
True
Is 8546305 a multiple of 36?
False
Is 8 a factor of 749216?
True
Is 139234 a multiple of 86?
True
Is 580 a factor of 673380?
True
Does 42 divide 66612?
True
Is 239418 a multiple of 631?
False
Does 16 divide 390245?
False
Is 5 a factor of 38456?
False
Is 466629 a multiple of 3?
True
Is 1006199 a multiple of 445?
False
Is 124203 a multiple of 10?
False
Does 2 divide 1747179?
False
Is 93870 a multiple of 105?
True
Is 70 a factor of 3556700?
True
Does 14 divide 51912?
True
Is 193 a factor of 452585?
True
Is 14 a factor of 70400?
False
Is 213 a factor of 17173553?
False
Is 7330 a multiple of 5?
True
Is 69 a factor of 433458?
True
Does 56 divide 42728?
True
Is 369 a factor of 1867878?
True
Is 137577 a multiple of 33?
True
Is 7 a factor of 368848?
False
Does 15 divide 26160?
True
Does 8 divide 951688?
True
Does 403 divide 3329148?
False
Is 137 a factor of 13462350?
False
Is 94248 a multiple of 308?
True
Is 253820 a multiple of 98?
True
Does 114 divide 200864?
False
Does 18 divide 142002?
True
Is 694 a factor of 713432?
True
Is 3451023 a multiple of 64?
False
Is 67 a factor of 4559283?
True
Does 41 divide 37907?
False
Is 2934635 a multiple of 271?
False
Does 5 divide 153636?
False
Is 16 a factor of 7005555?
False
Does 31 divide 207836?
False
Is 47 a factor of 1486011?
False
Is 196 a factor of 943348?
True
Is 9 a factor of 34947?
True
Is 10 a factor of 233405?
False
Is 113 a factor of 47234?
True
Is 119574 a multiple of 91?
True
Is 796872 a multiple of 23?
False
Does 20 divide 6480?
True
Is 3 a factor of 48849?
True
Is 998140 a multiple of 220?
True
Is 274 a factor of 1451652?
True
Is 47 a factor of 2039377?
True
Is 5 a factor of 9920?
True
Is 16 a factor of 544670?
False
Is 201478 a multiple of 780?
False
Is 13 a factor of 202161?
False
Does 62 divide 175522?
True
Is 558072 a multiple of 92?
True
Is 17 a factor of 271422?
True
Is 87 a factor of 54027?
True
Does 45 divide 264441?
False
Is 616 a factor of 333872?
True
Does 6 divide 165450?
True
Does 17 divide 378749?
False
Does 4 divide 230124?
True
Is 319145 a multiple of 155?
True
Does 2 divide 2877452?
True
Is 16 a factor of 2331776?
True
Is 35 a factor of 107030?
True
Is 212635 a multiple of 215?
True
Is 347028 a multiple of 121?
True
Is 2739371 a multiple of 218?
False
Is 117990 a multiple of 73?
False
Is 42757 a multiple of 10?
False
Is 2670660 a multiple of 12?
True
Is 60 a factor of 221732?
False
Is 27 a factor of 7803?
True
Is 961 a factor of 1730633?
False
Is 440 a factor of 4912381?
False
Is 2993253 a multiple of 64?
False
Does 195 divide 8365259?
False
Is 270 a factor of 1391850?
True
Is 334159 a multiple of 17?
False
Is 7 a factor of 32998?
True
Is 36 a factor of 23041?
False
Does 415 divide 135300?
False
Does 12 divide 11046?
False
Is 9 a factor of 38258?
False
Does 370 divide 1942833?
False
Does 21 divide 308649?
False
Is 6706788 a multiple of 2194?
False
Is 96830 a multiple of 230?
True
Does 86 divide 463035?
False
Is 224 a factor of 1053472?
True
Is 57 a factor of 802526?
False
Is 421 a factor of 1740835?
True
Is 44 a factor of 17291624?
False
Is 1152 a factor of 3363372?
False
Is 272140 a multiple of 4?
True
Is 81 a factor of 223236?
True
Does 5 divide 56135?
True
Is 591 a factor of 1156587?
True
Is 713213 a multiple of 59?
False
Is 669 a factor of 1342581?
False
Is 91625 a multiple of 19?
False
Is 73049 a multiple of 77?
False
Is 214102 a multiple of 17?
False
Is 203 a factor of 3354293?
False
Does 59 divide 25800051?
True
Is 844 a factor of 3983156?
False
Does 384 divide 184704?
True
Does 128 divide 782848?
True
Does 172 divide 242807?
False
Is 219966 a multiple of 6?
True
Does 4 divide 4640?
True
Does 71 divide 359843?
False
Does 86 divide 7654910?
False
Is 129 a factor of 176085?
True
Does 2692 divide 22548192?
True
Does 16 divide 4660400?
True
Is 189 a factor of 197312?
False
Is 462 a factor of 1530144?
True
Does 11 divide 31228?
False
Does 31 divide 721308?
True
Is 232825 a multiple of 10?
False
Is 2613323 a multiple of 4?
False
Is 2 a factor of 794?
True
Is 86031 a multiple of 237?
True
Does 18 divide 4277520?
True
Is 18 a factor of 38214?
True
Is 399 a factor of 4997284?
False
Does 13 divide 434628?
False
Is 27 a factor of 465291?
True
Does 299 divide 10042?
False
Does 46 divide 4323024?
False
Is 31999 a multiple of 3?
False
Does 852 divide 7235184?
True
Does 12 divide 1049040?
True
Is 382358 a multiple of 4?
False
Is 24 a factor of 1655927?
False
Is 1060 a factor of 3119580?
True
Is 31325 a multiple of 35?
True
Does 3 divide 112120?
False
Is 413764 a multiple of 218?
True
Is 487793 a multiple of 5?
False
Is 853 a factor of 3882856?
True
Is 143858 a multiple of 11?
True
Is 6595641 a multiple of 117?
True
Does 49 divide 128393?
False
Is 231 a factor of 2687226?
False
Is 62 a factor of 1657198?
True
Is 12 a factor of 1451676?
True
Does 64 divide 1039307?
False
Does 29 divide 1431693?
False
Does 243 divide 66978?
False
Is 776182 a multiple of 22?
True
Is 43436 a multiple of 12?
False
Is 2433984 a multiple of 672?
True
Is 7 a factor of 19030?
False
Is 19 a factor of 3405038?
False
Does 118 divide 56994?
True
Does 239 divide 24332?
False
Is 14 a factor of 17708670?
True
Is 5002464 a multiple of 32?
True
Is 8 a factor of 33142?
False
Does 790 divide 1271900?
True
Does 383 divide 1251261?
True
Does 4 divide 27739?
False
Is 4664821 a multiple of 62?
False
Is 5 a factor of 30140?
True
Does 139 divide 951159?
False
Does 144 divide 2902408?
False
Is 186 a factor of 520136?
False
Is 1728 a factor of 898560?
True
Does 16 divide 508928?
True
Is 12 a factor of 5892480?
True
Is 16 a factor of 73825?
False
Is 85124 a multiple of 33?
False
Does 1050 divide 2244900?
True
Is 328921 a multiple of 39?
False
Is 480 a factor of 2928582?
False
Is 97730 a multiple of 29?
True
Is 233 a factor of 935787?
False
Does 29 divide 68812?
False
Is 4931220 a multiple of 4?
True
Is 97 a factor of 194114?
False
Is 36183 even?
False
Does 7 divide 15484809?
False
Is 221 a factor of 169949?
True
Does 771 divide 488409?
False
Is 13 a factor of 6082865?
False
Is 34 a factor of 26758?
True
Is 61770 a multiple of 30?
True
Does 9 divide 156803?
False
Is 37 a factor of 141044?
True
Does 16 divide 67111?
False
Does 16 divide 100117?
False
Is 32 a factor of 39232?
True
Does 203 divide 98049?
True
Does 151 divide 373260?
False
Is 52 a factor of 1126424?
True
Does 99 divide 94842?
True
Does 316 divide 1869390?
False
Does 20 divide 78415?
False
Is 1555 a factor of 1281320?
True
Is 86 a factor of 1046104?
True
Is 61695 a multiple of 6?
False
Is 345514 a multiple of 410?
False
Is 876 a factor of 821688?
True
Is 2 a factor of 44425?
False
Is 33052 a multiple of 4?
True
Is 631 a factor of 545